{"id":1917,"date":"2023-08-15T16:08:02","date_gmt":"2023-08-15T16:08:02","guid":{"rendered":"https:\/\/market360.com.co\/curso-social-media-marketing\/?page_id=1917"},"modified":"2023-11-08T17:33:24","modified_gmt":"2023-11-08T17:33:24","slug":"sesion-de-crecimiento","status":"publish","type":"page","link":"https:\/\/market360.com.co\/curso-social-media-marketing\/sesion-de-crecimiento\/","title":{"rendered":"Sesi\u00f3n de Crecimiento"},"content":{"rendered":"\t\t<div data-elementor-type=\"wp-page\" data-elementor-id=\"1917\" class=\"elementor elementor-1917\" data-elementor-post-type=\"page\">\n\t\t\t\t\t\t<section class=\"elementor-section elementor-top-section elementor-element elementor-element-3874132f elementor-section-full_width elementor-section-height-default elementor-section-height-default\" data-id=\"3874132f\" data-element_type=\"section\" data-settings=\"{&quot;background_background&quot;:&quot;gradient&quot;}\">\n\t\t\t\t\t\t<div class=\"elementor-container elementor-column-gap-no\">\n\t\t\t\t\t<div class=\"elementor-column elementor-col-100 elementor-top-column elementor-element elementor-element-32a1e292\" data-id=\"32a1e292\" data-element_type=\"column\">\n\t\t\t<div class=\"elementor-widget-wrap elementor-element-populated\">\n\t\t\t\t\t\t<div class=\"elementor-element elementor-element-abca1ba elementor-widget elementor-widget-image\" data-id=\"abca1ba\" data-element_type=\"widget\" data-widget_type=\"image.default\">\n\t\t\t\t<div class=\"elementor-widget-container\">\n\t\t\t\t\t\t\t\t\t\t\t\t\t<img fetchpriority=\"high\" decoding=\"async\" width=\"940\" height=\"235\" src=\"https:\/\/market360.com.co\/curso-social-media-marketing\/wp-content\/uploads\/2023\/09\/Logo-market-horizontal-1024x256.png\" class=\"attachment-large size-large wp-image-2054\" alt=\"\" srcset=\"https:\/\/market360.com.co\/curso-social-media-marketing\/wp-content\/uploads\/2023\/09\/Logo-market-horizontal-1024x256.png 1024w, https:\/\/market360.com.co\/curso-social-media-marketing\/wp-content\/uploads\/2023\/09\/Logo-market-horizontal-300x75.png 300w, https:\/\/market360.com.co\/curso-social-media-marketing\/wp-content\/uploads\/2023\/09\/Logo-market-horizontal-768x192.png 768w, https:\/\/market360.com.co\/curso-social-media-marketing\/wp-content\/uploads\/2023\/09\/Logo-market-horizontal-480x120.png 480w, https:\/\/market360.com.co\/curso-social-media-marketing\/wp-content\/uploads\/2023\/09\/Logo-market-horizontal.png 1080w\" sizes=\"(max-width: 940px) 100vw, 940px\" title=\"Logo-market-horizontal.png\" \/>\t\t\t\t\t\t\t\t\t\t\t\t\t<\/div>\n\t\t\t\t<\/div>\n\t\t\t\t\t<\/div>\n\t\t<\/div>\n\t\t\t\t\t<\/div>\n\t\t<\/section>\n\t\t\t\t<section class=\"elementor-section elementor-top-section elementor-element elementor-element-3e7c4023 elementor-section-boxed elementor-section-height-default elementor-section-height-default\" data-id=\"3e7c4023\" data-element_type=\"section\">\n\t\t\t\t\t\t<div class=\"elementor-container elementor-column-gap-default\">\n\t\t\t\t\t<div class=\"elementor-column elementor-col-100 elementor-top-column elementor-element elementor-element-3b66d832\" data-id=\"3b66d832\" data-element_type=\"column\">\n\t\t\t<div class=\"elementor-widget-wrap elementor-element-populated\">\n\t\t\t\t\t\t<div class=\"elementor-element elementor-element-79896fc elementor-widget elementor-widget-heading\" data-id=\"79896fc\" data-element_type=\"widget\" data-widget_type=\"heading.default\">\n\t\t\t\t<div class=\"elementor-widget-container\">\n\t\t\t<h2 class=\"elementor-heading-title elementor-size-default\">LA B\u00daSQUEDA TERMINO...<\/h2>\t\t<\/div>\n\t\t\t\t<\/div>\n\t\t\t\t<div class=\"elementor-element-custom_font_size elementor-element-custom_font_size_tablet elementor-element-custom_font_size_mobile elementor-element-custom_line_height elementor-element-custom_line_height_mobile elementor-element-custom_font_family elementor-element-custom_font_weight elementor-element-custom_color elementor-element elementor-element-6395628b elementor-widget elementor-widget-text-editor\" data-id=\"6395628b\" data-element_type=\"widget\" data-widget_type=\"text-editor.default\">\n\t\t\t\t<div class=\"elementor-widget-container\">\n\t\t\t\t\t\t\t<p>descubre los 3 simples pasos para duplicar tus ventas<\/p>\t\t\t\t\t\t<\/div>\n\t\t\t\t<\/div>\n\t\t\t\t<div class=\"elementor-element-custom_font_size elementor-element-custom_font_size_tablet elementor-element-custom_font_size_mobile elementor-element-custom_line_height elementor-element-custom_line_height_mobile elementor-element-custom_font_family elementor-element-custom_font_weight elementor-element-custom_color elementor-element elementor-element-39e096fe elementor-widget elementor-widget-text-editor\" data-id=\"39e096fe\" data-element_type=\"widget\" data-widget_type=\"text-editor.default\">\n\t\t\t\t<div class=\"elementor-widget-container\">\n\t\t\t\t\t\t\t<p>Con estrategias minimalistas y sin tanto estr\u00e9s<\/p>\t\t\t\t\t\t<\/div>\n\t\t\t\t<\/div>\n\t\t\t\t<div class=\"elementor-element-custom_font_size elementor-element-custom_font_size_tablet elementor-element-custom_font_size_mobile elementor-element-custom_line_height elementor-element-custom_line_height_mobile elementor-element-custom_font_family elementor-element-custom_font_weight elementor-element-custom_color elementor-element elementor-element-5e44558 elementor-widget elementor-widget-text-editor\" data-id=\"5e44558\" data-element_type=\"widget\" data-widget_type=\"text-editor.default\">\n\t\t\t\t<div class=\"elementor-widget-container\">\n\t\t\t\t\t\t\t<p><span>Si Tu Negocio Batalla Constantemente, Sabes Lo Importante Que Es Tener Publicidad Que Sea Efectiva, Pero Simplemente No Has Sabido Hacerla. \u00a0<\/span><strong>\u00a1Cambiemos Eso Ahora!\u00a0<\/strong><\/p>\t\t\t\t\t\t<\/div>\n\t\t\t\t<\/div>\n\t\t\t\t<div class=\"elementor-element-custom_font_size elementor-element-custom_font_size_tablet elementor-element-custom_font_size_mobile elementor-element-custom_line_height elementor-element-custom_line_height_mobile elementor-element-custom_font_family elementor-element-custom_font_weight elementor-element-custom_color elementor-element elementor-element-1ca31164 elementor-widget elementor-widget-text-editor\" data-id=\"1ca31164\" data-element_type=\"widget\" data-widget_type=\"text-editor.default\">\n\t\t\t\t<div class=\"elementor-widget-container\">\n\t\t\t\t\t\t\t<p><span style=\"color: #ff6600;\">Paso 1:<\/span> <span style=\"text-decoration: underline;\"><strong>Mira el video<\/strong><\/span><\/p>\t\t\t\t\t\t<\/div>\n\t\t\t\t<\/div>\n\t\t\t\t\t<\/div>\n\t\t<\/div>\n\t\t\t\t\t<\/div>\n\t\t<\/section>\n\t\t\t\t<section class=\"elementor-section elementor-top-section elementor-element elementor-element-2c3f2ed elementor-section-boxed elementor-section-height-default elementor-section-height-default\" data-id=\"2c3f2ed\" data-element_type=\"section\">\n\t\t\t\t\t\t\t<div class=\"elementor-background-overlay\"><\/div>\n\t\t\t\t\t\t\t<div class=\"elementor-container elementor-column-gap-default\">\n\t\t\t\t\t<div class=\"elementor-column elementor-col-100 elementor-top-column elementor-element elementor-element-5a92ba7d\" data-id=\"5a92ba7d\" data-element_type=\"column\">\n\t\t\t<div class=\"elementor-widget-wrap elementor-element-populated\">\n\t\t\t\t\t\t<section class=\"elementor-section elementor-inner-section elementor-element elementor-element-25b6700e elementor-section-boxed elementor-section-height-default elementor-section-height-default\" data-id=\"25b6700e\" data-element_type=\"section\">\n\t\t\t\t\t\t<div class=\"elementor-container elementor-column-gap-default\">\n\t\t\t\t\t<div class=\"elementor-column elementor-col-100 elementor-inner-column elementor-element elementor-element-39741b1b\" data-id=\"39741b1b\" data-element_type=\"column\">\n\t\t\t<div class=\"elementor-widget-wrap elementor-element-populated\">\n\t\t\t\t\t\t<div class=\"elementor-element elementor-element-5635fda4 elementor-widget elementor-widget-video\" data-id=\"5635fda4\" data-element_type=\"widget\" id=\"videoSection\" data-settings=\"{&quot;video_type&quot;:&quot;vimeo&quot;,&quot;image_overlay&quot;:{&quot;url&quot;:&quot;https:\\\/\\\/market360.com.co\\\/curso-social-media-marketing\\\/wp-content\\\/uploads\\\/2023\\\/11\\\/PORTADA-VSL.png&quot;,&quot;id&quot;:2364,&quot;size&quot;:&quot;&quot;,&quot;alt&quot;:&quot;&quot;,&quot;source&quot;:&quot;library&quot;},&quot;show_image_overlay&quot;:&quot;yes&quot;}\" data-widget_type=\"video.default\">\n\t\t\t\t<div class=\"elementor-widget-container\">\n\t\t\t\t\t<div class=\"elementor-wrapper elementor-open-inline\">\n\t\t\t<iframe class=\"elementor-video-iframe\" allowfullscreen allow=\"clipboard-write\" title=\"Reproductor de v\u00eddeo vimeo\" src=\"https:\/\/player.vimeo.com\/video\/882265173?color&amp;autopause=0&amp;loop=0&amp;muted=0&amp;title=1&amp;portrait=1&amp;byline=1#t=\"><\/iframe>\t\t\t\t<div class=\"elementor-custom-embed-image-overlay\" style=\"background-image: url(https:\/\/market360.com.co\/curso-social-media-marketing\/wp-content\/uploads\/2023\/11\/PORTADA-VSL.png);\">\n\t\t\t\t\t\t\t\t\t\t\t\t\t\t<\/div>\n\t\t\t\t\t<\/div>\n\t\t\t\t<\/div>\n\t\t\t\t<\/div>\n\t\t\t\t\t<\/div>\n\t\t<\/div>\n\t\t\t\t\t<\/div>\n\t\t<\/section>\n\t\t\t\t<div class=\"elementor-element-custom_font_size elementor-element-custom_font_size_mobile elementor-element-custom_line_height elementor-element-custom_line_height_mobile elementor-element-custom_font_family elementor-element-custom_font_weight elementor-element-custom_color elementor-element elementor-element-3ab775b0 elementor-widget elementor-widget-text-editor\" data-id=\"3ab775b0\" data-element_type=\"widget\" data-widget_type=\"text-editor.default\">\n\t\t\t\t<div class=\"elementor-widget-container\">\n\t\t\t\t\t\t\t<p>Mira el video y despu\u00e9s <strong>ACCEDE<\/strong> a una sesi\u00f3n de crecimiento <b>GRATUITA<\/b> para analizar tu empresa a profundidad y ver como podemos trabajar juntos para alcanzar tu meta de facturaci\u00f3n.<\/p>\t\t\t\t\t\t<\/div>\n\t\t\t\t<\/div>\n\t\t\t\t\t<\/div>\n\t\t<\/div>\n\t\t\t\t\t<\/div>\n\t\t<\/section>\n\t\t\t\t<section class=\"elementor-section elementor-top-section elementor-element elementor-element-33e8f7d elementor-section-boxed elementor-section-height-default elementor-section-height-default\" data-id=\"33e8f7d\" data-element_type=\"section\" id=\"ofertaSection\">\n\t\t\t\t\t\t<div class=\"elementor-container elementor-column-gap-default\">\n\t\t\t\t\t<div class=\"elementor-column elementor-col-100 elementor-top-column elementor-element elementor-element-0eaf2bc\" data-id=\"0eaf2bc\" data-element_type=\"column\">\n\t\t\t<div class=\"elementor-widget-wrap elementor-element-populated\">\n\t\t\t\t\t\t<div class=\"elementor-element-custom_font_size elementor-element-custom_font_size_tablet elementor-element-custom_font_size_mobile elementor-element-custom_line_height elementor-element-custom_line_height_mobile elementor-element-custom_font_family elementor-element-custom_font_weight elementor-element-custom_color elementor-element elementor-element-182534e2 elementor-widget elementor-widget-text-editor\" data-id=\"182534e2\" data-element_type=\"widget\" data-widget_type=\"text-editor.default\">\n\t\t\t\t<div class=\"elementor-widget-container\">\n\t\t\t\t\t\t\t<p><b><span style=\"color: #ff6600;\">PASO 2:<\/span> <u>Agenda tu Sesi\u00f3n de Crecimiento <\/u><\/b>\ud83d\ude80<\/p>\t\t\t\t\t\t<\/div>\n\t\t\t\t<\/div>\n\t\t\t\t<div class=\"elementor-element elementor-element-b27e20c elementor-widget elementor-widget-html\" data-id=\"b27e20c\" data-element_type=\"widget\" data-widget_type=\"html.default\">\n\t\t\t\t<div class=\"elementor-widget-container\">\n\t\t\t<!-- Principio del widget integrado de Calendly -->\r\n<div class=\"calendly-inline-widget\" data-url=\"https:\/\/calendly.com\/market360\/sesion-crecimiento\" style=\"min-width:320px;height:1150px;\"><\/div>\r\n<script type=\"text\/javascript\" src=\"https:\/\/assets.calendly.com\/assets\/external\/widget.js\" async><\/script>\r\n<!-- Final del widget integrado de Calendly -->\t\t<\/div>\n\t\t\t\t<\/div>\n\t\t\t\t\t<\/div>\n\t\t<\/div>\n\t\t\t\t\t<\/div>\n\t\t<\/section>\n\t\t\t\t<section class=\"elementor-section elementor-top-section elementor-element elementor-element-53e4fd42 elementor-section-full_width elementor-section-height-default elementor-section-height-default\" data-id=\"53e4fd42\" data-element_type=\"section\" data-settings=\"{&quot;background_background&quot;:&quot;gradient&quot;}\">\n\t\t\t\t\t\t<div class=\"elementor-container elementor-column-gap-no\">\n\t\t\t\t\t<div class=\"elementor-column elementor-col-100 elementor-top-column elementor-element elementor-element-5381fc7c\" data-id=\"5381fc7c\" data-element_type=\"column\">\n\t\t\t<div class=\"elementor-widget-wrap elementor-element-populated\">\n\t\t\t\t\t\t<div class=\"elementor-element elementor-element-6eb62336 elementor-widget elementor-widget-image\" data-id=\"6eb62336\" data-element_type=\"widget\" data-widget_type=\"image.default\">\n\t\t\t\t<div class=\"elementor-widget-container\">\n\t\t\t\t\t\t\t\t\t\t\t\t\t<img decoding=\"async\" width=\"940\" height=\"235\" src=\"https:\/\/market360.com.co\/curso-social-media-marketing\/wp-content\/uploads\/2023\/08\/Logo-market-horizontal-1024x256.png\" class=\"attachment-large size-large wp-image-1922\" alt=\"\" srcset=\"https:\/\/market360.com.co\/curso-social-media-marketing\/wp-content\/uploads\/2023\/08\/Logo-market-horizontal-1024x256.png 1024w, https:\/\/market360.com.co\/curso-social-media-marketing\/wp-content\/uploads\/2023\/08\/Logo-market-horizontal-300x75.png 300w, https:\/\/market360.com.co\/curso-social-media-marketing\/wp-content\/uploads\/2023\/08\/Logo-market-horizontal-768x192.png 768w, https:\/\/market360.com.co\/curso-social-media-marketing\/wp-content\/uploads\/2023\/08\/Logo-market-horizontal-480x120.png 480w, https:\/\/market360.com.co\/curso-social-media-marketing\/wp-content\/uploads\/2023\/08\/Logo-market-horizontal.png 1080w\" sizes=\"(max-width: 940px) 100vw, 940px\" title=\"Logo-market-horizontal.png\" \/>\t\t\t\t\t\t\t\t\t\t\t\t\t<\/div>\n\t\t\t\t<\/div>\n\t\t\t\t<div class=\"elementor-element-custom_font_size elementor-element-custom_font_size_tablet elementor-element-custom_font_size_mobile elementor-element-custom_line_height_mobile elementor-element-custom_font_family elementor-element-custom_font_weight elementor-element-custom_color elementor-element elementor-element-5e28b073 elementor-widget elementor-widget-text-editor\" data-id=\"5e28b073\" data-element_type=\"widget\" data-widget_type=\"text-editor.default\">\n\t\t\t\t<div class=\"elementor-widget-container\">\n\t\t\t\t\t\t\t<p>2023\u00a9 \u00b7 Market360 \u00b7 Todos los derechos reservados. Aviso Legal Pol\u00edtica de Privacidad Pol\u00edtica de Cookies<\/p>\t\t\t\t\t\t<\/div>\n\t\t\t\t<\/div>\n\t\t\t\t<div class=\"elementor-element-custom_font_size elementor-element-custom_font_size_tablet elementor-element-custom_font_size_mobile elementor-element-custom_font_family elementor-element-custom_font_weight elementor-element-custom_color elementor-element elementor-element-11d33e5 elementor-widget elementor-widget-text-editor\" data-id=\"11d33e5\" data-element_type=\"widget\" data-widget_type=\"text-editor.default\">\n\t\t\t\t<div class=\"elementor-widget-container\">\n\t\t\t\t\t\t\t<p>Descargo de Responsabilidad: Este producto no garantiza la obtenci\u00f3n de resultados. Las referencias al desempe\u00f1o de una determinada estrategia no debe ser interpretada como una garant\u00eda de resultados.Esta p\u00e1gina no es parte de la p\u00e1gina de Facebook o de Facebook Inc.<br \/>Adicionalmente, esta p\u00e1gina no est\u00e1 vinculada a Facebook de ninguna manera. Facebook es una marca de FACEBOOOK, Inc.<\/p>\t\t\t\t\t\t<\/div>\n\t\t\t\t<\/div>\n\t\t\t\t\t<\/div>\n\t\t<\/div>\n\t\t\t\t\t<\/div>\n\t\t<\/section>\n\t\t\t\t<\/div>\n\t\t","protected":false},"excerpt":{"rendered":"<p>Descubre Los 3 Simples Pasos Para Duplicar Tus Ventas Con Estrategias Minimalistas Y Sin Tanto Estr\u00e9s.<\/p>\n","protected":false},"author":1,"featured_media":2364,"parent":0,"menu_order":0,"comment_status":"closed","ping_status":"closed","template":"elementor_canvas","meta":{"footnotes":""},"class_list":["post-1917","page","type-page","status-publish","has-post-thumbnail","hentry"],"yoast_head":"<!-- This site is optimized with the Yoast SEO Premium plugin v20.7 (Yoast SEO v23.1) - https:\/\/yoast.com\/wordpress\/plugins\/seo\/ -->\n<title>Sesi\u00f3n de Crecimiento - Para Duplicar Tus Ventas<\/title>\n<meta name=\"description\" content=\"Descubre Los 3 Simples Pasos Para Duplicar Tus Ventas Con Estrategias Minimalistas Y Sin Tanto Estr\u00e9s. \u00a1Cambiemos Eso Ahora!\" \/>\n<meta name=\"robots\" content=\"index, follow, max-snippet:-1, max-image-preview:large, max-video-preview:-1\" \/>\n<link rel=\"canonical\" href=\"https:\/\/market360.com.co\/curso-social-media-marketing\/sesion-de-crecimiento\/\" \/>\n<meta property=\"og:locale\" content=\"es_ES\" \/>\n<meta property=\"og:type\" content=\"article\" \/>\n<meta property=\"og:title\" content=\"Sesi\u00f3n de Crecimiento\" \/>\n<meta property=\"og:description\" content=\"Descubre Los 3 Simples Pasos Para Duplicar Tus Ventas Con Estrategias Minimalistas Y Sin Tanto Estr\u00e9s. \u00a1Cambiemos Eso Ahora!\" \/>\n<meta property=\"og:url\" content=\"https:\/\/market360.com.co\/curso-social-media-marketing\/sesion-de-crecimiento\/\" \/>\n<meta property=\"og:site_name\" content=\"Curso de Marketing Digital Cali\" \/>\n<meta property=\"article:modified_time\" content=\"2023-11-08T17:33:24+00:00\" \/>\n<meta property=\"og:image\" content=\"https:\/\/market360.com.co\/curso-social-media-marketing\/wp-content\/uploads\/2023\/11\/PORTADA-VSL.png\" \/>\n\t<meta property=\"og:image:width\" content=\"1280\" \/>\n\t<meta property=\"og:image:height\" content=\"720\" \/>\n\t<meta property=\"og:image:type\" content=\"image\/png\" \/>\n<meta name=\"twitter:card\" content=\"summary_large_image\" \/>\n<meta name=\"twitter:label1\" content=\"Tiempo de lectura\" \/>\n\t<meta name=\"twitter:data1\" content=\"2 minutos\" \/>\n<script type=\"application\/ld+json\" class=\"yoast-schema-graph\">{\"@context\":\"https:\/\/schema.org\",\"@graph\":[{\"@type\":\"WebPage\",\"@id\":\"https:\/\/market360.com.co\/curso-social-media-marketing\/sesion-de-crecimiento\/\",\"url\":\"https:\/\/market360.com.co\/curso-social-media-marketing\/sesion-de-crecimiento\/\",\"name\":\"Sesi\u00f3n de Crecimiento - Para Duplicar Tus Ventas\",\"isPartOf\":{\"@id\":\"https:\/\/market360.com.co\/curso-social-media-marketing\/#website\"},\"primaryImageOfPage\":{\"@id\":\"https:\/\/market360.com.co\/curso-social-media-marketing\/sesion-de-crecimiento\/#primaryimage\"},\"image\":{\"@id\":\"https:\/\/market360.com.co\/curso-social-media-marketing\/sesion-de-crecimiento\/#primaryimage\"},\"thumbnailUrl\":\"https:\/\/market360.com.co\/curso-social-media-marketing\/wp-content\/uploads\/2023\/11\/PORTADA-VSL.png\",\"datePublished\":\"2023-08-15T16:08:02+00:00\",\"dateModified\":\"2023-11-08T17:33:24+00:00\",\"description\":\"Descubre Los 3 Simples Pasos Para Duplicar Tus Ventas Con Estrategias Minimalistas Y Sin Tanto Estr\u00e9s. \u00a1Cambiemos Eso Ahora!\",\"breadcrumb\":{\"@id\":\"https:\/\/market360.com.co\/curso-social-media-marketing\/sesion-de-crecimiento\/#breadcrumb\"},\"inLanguage\":\"es\",\"potentialAction\":[{\"@type\":\"ReadAction\",\"target\":[\"https:\/\/market360.com.co\/curso-social-media-marketing\/sesion-de-crecimiento\/\"]}]},{\"@type\":\"ImageObject\",\"inLanguage\":\"es\",\"@id\":\"https:\/\/market360.com.co\/curso-social-media-marketing\/sesion-de-crecimiento\/#primaryimage\",\"url\":\"https:\/\/market360.com.co\/curso-social-media-marketing\/wp-content\/uploads\/2023\/11\/PORTADA-VSL.png\",\"contentUrl\":\"https:\/\/market360.com.co\/curso-social-media-marketing\/wp-content\/uploads\/2023\/11\/PORTADA-VSL.png\",\"width\":1280,\"height\":720},{\"@type\":\"BreadcrumbList\",\"@id\":\"https:\/\/market360.com.co\/curso-social-media-marketing\/sesion-de-crecimiento\/#breadcrumb\",\"itemListElement\":[{\"@type\":\"ListItem\",\"position\":1,\"name\":\"Home\",\"item\":\"https:\/\/market360.com.co\/curso-social-media-marketing\/\"},{\"@type\":\"ListItem\",\"position\":2,\"name\":\"Sesi\u00f3n de Crecimiento\"}]},{\"@type\":\"WebSite\",\"@id\":\"https:\/\/market360.com.co\/curso-social-media-marketing\/#website\",\"url\":\"https:\/\/market360.com.co\/curso-social-media-marketing\/\",\"name\":\"Curso de Marketing Digital Cali\",\"description\":\"Curso Social Media Marketing\",\"potentialAction\":[{\"@type\":\"SearchAction\",\"target\":{\"@type\":\"EntryPoint\",\"urlTemplate\":\"https:\/\/market360.com.co\/curso-social-media-marketing\/?s={search_term_string}\"},\"query-input\":\"required name=search_term_string\"}],\"inLanguage\":\"es\"}]}<\/script>\n<!-- \/ Yoast SEO Premium plugin. -->","yoast_head_json":{"title":"Sesi\u00f3n de Crecimiento - Para Duplicar Tus Ventas","description":"Descubre Los 3 Simples Pasos Para Duplicar Tus Ventas Con Estrategias Minimalistas Y Sin Tanto Estr\u00e9s. \u00a1Cambiemos Eso Ahora!","robots":{"index":"index","follow":"follow","max-snippet":"max-snippet:-1","max-image-preview":"max-image-preview:large","max-video-preview":"max-video-preview:-1"},"canonical":"https:\/\/market360.com.co\/curso-social-media-marketing\/sesion-de-crecimiento\/","og_locale":"es_ES","og_type":"article","og_title":"Sesi\u00f3n de Crecimiento","og_description":"Descubre Los 3 Simples Pasos Para Duplicar Tus Ventas Con Estrategias Minimalistas Y Sin Tanto Estr\u00e9s. \u00a1Cambiemos Eso Ahora!","og_url":"https:\/\/market360.com.co\/curso-social-media-marketing\/sesion-de-crecimiento\/","og_site_name":"Curso de Marketing Digital Cali","article_modified_time":"2023-11-08T17:33:24+00:00","og_image":[{"width":1280,"height":720,"url":"https:\/\/market360.com.co\/curso-social-media-marketing\/wp-content\/uploads\/2023\/11\/PORTADA-VSL.png","type":"image\/png"}],"twitter_card":"summary_large_image","twitter_misc":{"Tiempo de lectura":"2 minutos"},"schema":{"@context":"https:\/\/schema.org","@graph":[{"@type":"WebPage","@id":"https:\/\/market360.com.co\/curso-social-media-marketing\/sesion-de-crecimiento\/","url":"https:\/\/market360.com.co\/curso-social-media-marketing\/sesion-de-crecimiento\/","name":"Sesi\u00f3n de Crecimiento - Para Duplicar Tus Ventas","isPartOf":{"@id":"https:\/\/market360.com.co\/curso-social-media-marketing\/#website"},"primaryImageOfPage":{"@id":"https:\/\/market360.com.co\/curso-social-media-marketing\/sesion-de-crecimiento\/#primaryimage"},"image":{"@id":"https:\/\/market360.com.co\/curso-social-media-marketing\/sesion-de-crecimiento\/#primaryimage"},"thumbnailUrl":"https:\/\/market360.com.co\/curso-social-media-marketing\/wp-content\/uploads\/2023\/11\/PORTADA-VSL.png","datePublished":"2023-08-15T16:08:02+00:00","dateModified":"2023-11-08T17:33:24+00:00","description":"Descubre Los 3 Simples Pasos Para Duplicar Tus Ventas Con Estrategias Minimalistas Y Sin Tanto Estr\u00e9s. \u00a1Cambiemos Eso Ahora!","breadcrumb":{"@id":"https:\/\/market360.com.co\/curso-social-media-marketing\/sesion-de-crecimiento\/#breadcrumb"},"inLanguage":"es","potentialAction":[{"@type":"ReadAction","target":["https:\/\/market360.com.co\/curso-social-media-marketing\/sesion-de-crecimiento\/"]}]},{"@type":"ImageObject","inLanguage":"es","@id":"https:\/\/market360.com.co\/curso-social-media-marketing\/sesion-de-crecimiento\/#primaryimage","url":"https:\/\/market360.com.co\/curso-social-media-marketing\/wp-content\/uploads\/2023\/11\/PORTADA-VSL.png","contentUrl":"https:\/\/market360.com.co\/curso-social-media-marketing\/wp-content\/uploads\/2023\/11\/PORTADA-VSL.png","width":1280,"height":720},{"@type":"BreadcrumbList","@id":"https:\/\/market360.com.co\/curso-social-media-marketing\/sesion-de-crecimiento\/#breadcrumb","itemListElement":[{"@type":"ListItem","position":1,"name":"Home","item":"https:\/\/market360.com.co\/curso-social-media-marketing\/"},{"@type":"ListItem","position":2,"name":"Sesi\u00f3n de Crecimiento"}]},{"@type":"WebSite","@id":"https:\/\/market360.com.co\/curso-social-media-marketing\/#website","url":"https:\/\/market360.com.co\/curso-social-media-marketing\/","name":"Curso de Marketing Digital Cali","description":"Curso Social Media Marketing","potentialAction":[{"@type":"SearchAction","target":{"@type":"EntryPoint","urlTemplate":"https:\/\/market360.com.co\/curso-social-media-marketing\/?s={search_term_string}"},"query-input":"required name=search_term_string"}],"inLanguage":"es"}]}},"_links":{"self":[{"href":"https:\/\/market360.com.co\/curso-social-media-marketing\/wp-json\/wp\/v2\/pages\/1917","targetHints":{"allow":["GET"]}}],"collection":[{"href":"https:\/\/market360.com.co\/curso-social-media-marketing\/wp-json\/wp\/v2\/pages"}],"about":[{"href":"https:\/\/market360.com.co\/curso-social-media-marketing\/wp-json\/wp\/v2\/types\/page"}],"author":[{"embeddable":true,"href":"https:\/\/market360.com.co\/curso-social-media-marketing\/wp-json\/wp\/v2\/users\/1"}],"replies":[{"embeddable":true,"href":"https:\/\/market360.com.co\/curso-social-media-marketing\/wp-json\/wp\/v2\/comments?post=1917"}],"version-history":[{"count":0,"href":"https:\/\/market360.com.co\/curso-social-media-marketing\/wp-json\/wp\/v2\/pages\/1917\/revisions"}],"wp:featuredmedia":[{"embeddable":true,"href":"https:\/\/market360.com.co\/curso-social-media-marketing\/wp-json\/wp\/v2\/media\/2364"}],"wp:attachment":[{"href":"https:\/\/market360.com.co\/curso-social-media-marketing\/wp-json\/wp\/v2\/media?parent=1917"}],"curies":[{"name":"wp","href":"https:\/\/api.w.org\/{rel}","templated":true}]}}